sands digit of 28665?
8
What is the tens digit of 2850?
5
What is the units digit of 2578?
8
What is the hundreds digit of 255?
2
What is the hundreds digit of 17655?
6
What is the units digit of 3413?
3
What is the units digit of 6994?
4
What is the hundreds digit of 524?
5
What is the ten thousands digit of 41646?
4
What is the units digit of 549?
9
What is the thousands digit of 45077?
5
What is the hundreds digit of 583?
5
What is the ten thousands digit of 12442?
1
What is the thousands digit of 1859?
1
What is the tens digit of 950?
5
What is the tens digit of 1580?
8
What is the units digit of 68229?
9
What is the ten thousands digit of 10233?
1
What is the hundreds digit of 26906?
9
What is the units digit of 940?
0
What is the hundreds digit of 15501?
5
What is the thousands digit of 4869?
4
What is the tens digit of 517?
1
What is the units digit of 1636?
6
What is the units digit of 20990?
0
What is the ten thousands digit of 49635?
4
What is the tens digit of 229?
2
What is the units digit of 36554?
4
What is the ten thousands digit of 13182?
1
What is the hundreds digit of 11001?
0
What is the ten thousands digit of 96317?
9
What is the tens digit of 74547?
4
What is the tens digit of 6632?
3
What is the units digit of 44786?
6
What is the tens digit of 5166?
6
What is the tens digit of 830?
3
What is the units digit of 3716?
6
What is the tens digit of 29244?
4
What is the tens digit of 2429?
2
What is the ten thousands digit of 145871?
4
What is the units digit of 1440?
0
What is the thousands digit of 3907?
3
What is the hundreds digit of 286?
2
What is the hundreds digit of 21447?
4
What is the ten thousands digit of 77784?
7
What is the tens digit of 3541?
4
What is the hundreds digit of 5307?
3
What is the tens digit of 2521?
2
What is the units digit of 16139?
9
What is the thousands digit of 14909?
4
What is the tens digit of 8776?
7
What is the units digit of 66216?
6
What is the hundreds digit of 1062?
0
What is the units digit of 37986?
6
What is the tens digit of 14895?
9
What is the tens digit of 1535?
3
What is the hundreds digit of 2373?
3
What is the hundreds digit of 6272?
2
What is the hundreds digit of 54317?
3
What is the units digit of 113325?
5
What is the units digit of 7365?
5
What is the units digit of 41987?
7
What is the units digit of 1039?
9
What is the thousands digit of 3134?
3
What is the units digit of 7297?
7
What is the thousands digit of 125056?
5
What is the hundreds digit of 135?
1
What is the hundreds digit of 18764?
7
What is the hundreds digit of 36165?
1
What is the hundreds digit of 3025?
0
What is the tens digit of 44514?
1
What is the hundreds digit of 254?
2
What is the hundreds digit of 6329?
3
What is the units digit of 1567?
7
What is the units digit of 1243?
3
What is the ten thousands digit of 74660?
7
What is the hundreds digit of 878?
8
What is the hundreds digit of 28051?
0
What is the units digit of 1506?
6
What is the hundreds digit of 1141?
1
What is the units digit of 18530?
0
What is the tens digit of 129?
2
What is the thousands digit of 7024?
7
What is the tens digit of 11556?
5
What is the thousands digit of 74888?
4
What is the tens digit of 16617?
1
What is the units digit of 2358?
8
What is the hundreds digit of 1542?
5
What is the thousands digit of 20722?
0
What is the tens digit of 57421?
2
What is the units digit of 2628?
8
What is the units digit of 1558?
8
What is the units digit of 674?
4
What is the hundreds digit of 2072?
0
What is the tens digit of 956?
5
What is the thousands digit of 83913?
3
What is the thousands digit of 9580?
9
What is the tens digit of 104559?
5
What is the hundreds digit of 2144?
1
What is the ten thousands digit of 29732?
2
What is the units digit of 369?
9
What is the hundreds digit of 12041?
0
What is the units digit of 841?
1
What is the thousands digit of 1185?
1
What is the tens digit of 733?
3
What is the hundreds digit of 2952?
9
What is the units digit of 36634?
4
What is the units digit of 4511?
1
What is the units digit of 1240?
0
What is the tens digit of 12?
1
What is the hundreds digit of 13078?
0
What is the hundreds digit of 12337?
3
What is the ten thousands digit of 58788?
5
What is the hundreds digit of 134983?
9
What is the units digit of 7444?
4
What is the hundreds digit of 5683?
6
What is the thousands digit of 107867?
7
What is the ten thousands digit of 22782?
2
What is the units digit of 6459?
9
What is the units digit of 921?
1
What is the thousands digit of 66622?
6
What is the units digit of 14283?
3
What is the hundreds digit of 43588?
5
What is the units digit of 593?
3
What is the hundreds digit of 2324?
3
What is the ten thousands digit of 105256?
0
What is the thousands digit of 2266?
2
What is the hundred thousands digit of 150075?
1
What is the tens digit of 34215?
1
What is the thousands digit of 1167?
1
What is the hundreds digit of 2705?
7
What is the thousands digit of 13627?
3
What is the units digit of 695?
5
What is the hundreds digit of 153883?
8
What is the thousands digit of 5443?
5
What is the thousands digit of 1007?
1
What is the tens digit of 136?
3
What is the units digit of 733?
3
What is the units digit of 897?
7
What is the hundreds digit of 6005?
0
What is the hundreds digit of 531?
5
What is the units digit of 253?
3
What is the ten thousands digit of 20696?
2
What is the units digit of 196?
6
What is the units digit of 1552?
2
What is the hundreds digit of 14805?
8
What is the hundreds digit of 987?
9
What is the hundreds digit of 1179?
1
What is the tens digit of 21705?
0
What is the hundreds digit of 66141?
1
What is the hundreds digit of 7393?
3
What is the units digit of 4708?
8
What is the units digit of 2623?
3
What is the hundreds digit of 2998?
9
What is the hundreds digit of 34149?
1
What is the hundreds digit of 7486?
4
What is the thousands digit of 4134?
4
What is the hundreds digit of 554?
5
What is the hundreds digit of 6917?
9
What is the tens digit of 1779?
7
What is the thousands digit of 144343?
4
What is the thousands digit of 62624?
2
What is the tens digit of 20125?
2
What is the hundreds digit of 2692?
6
What is the thousands digit of 4914?
4
What is the units digit of 15680?
0
What is the tens digit of 13265?
6
What is the ten thousands digit of 27575?
2
What is the hundreds digit of 7758?
7
What is the thousands digit of 15846?
5
What is the units digit of 102?
2
What is the thousands digit of 13581?
3
What is the ten thousands digit of 24933?
2
What is the hundreds digit of 7535?
5
What is the tens digit of 3656?
5
What is the thousands digit of 89002?
9
What is the hundreds digit of 19975?
9
What is the ten thousands digit of 28692?
2
What is the units digit of 240?
0
What is the hundreds digit of 19029?
0
What is the tens digit of 880?
8
What is the hundred thousands digit of 168372?
1
What is the thousands digit of 9074?
9
What is the thousands digit of 38711?
8
What is the thousands digit of 71614?
1
What is the units digit of 6218?
8
What is the hundreds digit of 45140?
1
What is the thousands digit of 124224?
4
What is the thousands digit of 27617?
7
What is the thousands digit of 1674?
1
What is the hundreds digit of 667?
6
What is the units digit of 367?
7
What is the tens digit of 37676?
7
What is the units digit of 574?
4
What is the thousands digit of 3472?
3
What is the units digit of 2882?
2
What is the tens digit of 453?
5
What is the hundreds digit of 25954?
9
What is the hundreds digit of 3047?
0
What is the hundreds digit of 6063?
0
What is the tens digit of 426?
2
What is the tens digit of 7199?
9
What is the units digit of 22055?
5
What is the hundreds digit of 6068?
0
What is the hundred thousands digit of 128012?
1
What is the hundreds digit of 1340?
3
What is the tens digit of 823?
2
What is the hundreds digit of 43495?
4
What is the tens digit of 4898?
9
What is the ten thousands digit of 37453?
3
What is the thousands digit of 3500?
3
What is the hundreds digit of 23525?
5
What is the ten thousands digit of 16921?
1
What is the thousands digit of 129863?
9
What is the tens digit of 12756?
5
What is the units digit of 5578?
8
What is the thousands digit of 91877?
1
What is the tens digit of 4645?
4
What is the units digit of 